 3*t. Let y(m) be the second derivative of r(m). Determine y(3).
13
Let x(o) = 3*o. Let r(p) be the third derivative of p**5/30 + p**4/24 + p**3/6 + p**2. Let d be -3 - (-1 - (-2 + 3)). Let a be r(d). Give x(a).
6
Let d be (-9 + 0)*7/(-21). Let o(s) = s**3 - 5*s**2 + 3*s + 2. Calculate o(d).
-7
Let i(v) = 3*v**3 + 7*v**2 - 3*v + 1. Let r(h) = -7*h**3 - 15*h**2 + 7*h - 2. Let m(l) = 5*i(l) + 2*r(l). Let s = -16 + 11. Determine m(s).
6
Suppose 2*v = -0*v + 6. Let j(q) be the third derivative of 1/24*q**4 + 0 - 3*q**2 + 0*q - 1/2*q**3. Give j(v).
0
Let r(y) = y**2 + 5. Let o(c) = -c**2 - 3. Let k = -12 - -17. Let z(m) = k*r(m) + 8*o(m). Suppose 5*v + h + 8 + 0 = 0, 2*v - 4*h = 10. Determine z(v).
-2
Let u(q) be the first derivative of q**4/4 - q**2 + 3*q - 3. Let l be (-12)/(-8) - (-1)/2. Give u(l).
7
Suppose 0 = 2*b - 1 + 3. Suppose k - 5*w + 1 = 0, -67 = -7*k + 2*k + w. Let x be (-3)/(k/8 + b). Let d(t) = t**2 + 5*t - 3. What is d(x)?
-7
Let z be 2/(4/6) + -4. Let j = z - 4. Let d(o) = -o**2 - 5*o + 4. Determine d(j).
4
Let p(w) = -3*w**3 + 4*w**2 + 6*w**3 - 1 - 2*w**3 - 6*w. Let j(q) = q**3 + 7*q**2 + 6*q + 9. Let d be j(-6). Let a = d - 14. What is p(a)?
4
Let k(p) = -3*p - 33 + 31 + p. Calculate k(-3).
4
Let s(v) = v**2 - 2*v - 2. Let j be s(3). Let o be (-54)/6*j/3. Let i(p) = -6*p - 1. What is i(o)?
17
Let b(k) = -k**3 + 4*k**2 - 2*k + 1. Let v = -40 + 43. Give b(v).
4
Let h(r) = 4*r + 2. Suppose c = -4*f + 14, -4*c + 4 = f - 7. Suppose -3*o + c*k = 7, -2*k + 5 = -4*o - 5. Let w be o/3 + (-2 - -1). Calculate h(w).
-6
Let r(x) be the second derivative of -x**3/6 + 3*x**2/2 - 15*x. Give r(4).
-1
Let p = 11 - 10. Let g(w) = 0 - 5*w**2 + w**3 + p + 3*w**2 + 0*w**3. Determine g(2).
1
Let v = 3 - 3. Let x(s) be the third derivative of 1/24*s**4 + 5/6*s**3 + 1/120*s**6 + 0 + 0*s + 2*s**2 + 1/60*s**5. Calculate x(v).
5
Let n(z) be the first derivative of z + 2/3*z**3 - z**2 - 2. Let k be n(2). Let x(l) = -l - 1. Give x(k).
-6
Let t(y) = -21*y**3 - 2*y - 1. Suppose 0 = 3*l + 9, -3*p + 7*l - 11*l - 15 = 0. Give t(p).
22
Suppose -2*n + 5 + 5 = 0. Suppose -2*t + n*t = 0. Let h(a) = a**3 - a**2 + 4. Give h(t).
4
Let q(b) be the third derivative of -b**6/360 - b**4/4 + b**3/3 - 6*b**2. Let s(t) be the first derivative of q(t). Give s(0).
-6
Let o(b) = 1. Let g(m) = m**2 + 4*m - 11. Let n(t) = -g(t) - 4*o(t). Give n(-6).
-5
Let z(g) = -12*g - 1. Let m = -40 + 39. What is z(m)?
11
Let g(x) = -5*x**2 - 3*x + 6. Let w(d) be the third derivative of d**5/30 + d**4/24 - d**3/2 - 3*d**2. Let i(y) = 3*g(y) + 7*w(y). What is i(-2)?
-3
Suppose 1 + 1 = 2*v. Suppose 4*d + 5*n = 12, d - 3 = n + 3*n. Let p(y) = d*y**2 + y**2 + 4*y - 3*y. Give p(v).
5
Let s(z) be the third derivative of -z**6/120 + z**5/12 - z**4/6 - z**3/3 + 7*z**2. Determine s(4).
-2
Suppose 3*c = -0*c - 12. Let i(l) be the second derivative of -l**5/60 - l**4/8 + 5*l**3/6 - l**2 - l. Let p(x) be the first derivative of i(x). What is p(c)?
1
Let y(d) = -3*d + 3 + d**3 - 4 - 4*d**2 - 2*d - 1. Determine y(5).
-2
Let f be (-2)/4*(-11 - -1). Let o = 1 + 4. Let b(h) = -2*h**2 + h**2 + o*h + 2 + 2. What is b(f)?
4
Let l(w) = -w + 8. Let k be l(12). Let b(o) = 3*o - 2. What is b(k)?
-14
Let f = 31 - 28. Let p(i) = -i**3 + 4*i**2 - 4*i. What is p(f)?
-3
Let c be (-8)/(-3) + 2/6. Let x(s) = -2 + 4 - 3 - 2*s**2 + s + c. Calculate x(-2).
-8
Let k(y) = -4*y**3 + 7 + 2*y**3 + 2*y - 7*y**2 + 3*y**3 - 4*y. What is k(7)?
-7
Suppose -3*k + 24 = -5*u, 0 = 5*k + 5*u - 10*u - 30. Let x(z) = -z + 0*z + 6 - 2 + z**2. Determine x(k).
10
Let g(b) = 14*b**2 + 2*b - 29. Let m(s) = 5*s**2 + s - 10. Let v(j) = 6*g(j) - 17*m(j). Let r be 30/(-12)*(3 + -1). Let n = r - -1. Determine v(n).
0
Let p(y) = -6*y**3 - y**2 - 4*y + 3. Let q(l) = -5*l**3 - l**2 - 3*l + 3. Let a(u) = -4*p(u) + 5*q(u). Suppose -4*w + 7*w = 0. Calculate a(w).
3
Let u(p) = p + 11. Let k be u(-7). Let s(g) = k - 2*g + g + 0*g. Give s(3).
1
Suppose 0 = 3*h + 2*d + 4, 3*h - d = -2*h + 2. Let r(l) = -3 - 4 + 9 - l. Give r(h).
2
Let y(p) = 2*p + 2. Let q = 17 - 9. Suppose -5*o + 31 - 6 = 0. Suppose o*j + 7 = -q. What is y(j)?
-4
Let o(r) = -r**3 + 3*r**2 + 3*r - 4. Suppose 2*f = 1 + 5. Determine o(f).
5
Suppose -o + 2*d = 1, 2*o - d - d = 2. Let b(z) = 2 - 3*z - 2 - 1 - o. Determine b(-3).
5
Let h(l) be the third derivative of -l**5/60 + l**4/6 - l**3/3 + l**2. Suppose 0 = 5*g + 3*a - 8, -g - 2*g = -5*a - 32. Determine h(g).
-2
Let j(r) = -r**2 - r + 4. Let b be j(-3). Let q(p) = -3*p - 10 - 14 + 4 - 1. Let u(v) = v + 5. Let m(h) = 2*q(h) + 9*u(h). Calculate m(b).
-3
Let p = -27 + 29. Let b(g) = -g**2 - 1. Let n(x) = x**2 + 1. Let r(s) = 2*b(s) + 3*n(s). What is r(p)?
5
Let u(d) be the third derivative of 0 - 1/12*d**4 + 0*d - 1/3*d**3 + d**2. Give u(-6).
10
Let d = -11 - -16. Suppose -5*r + 3*z = d, 3*z - 17 = -2. Let t(p) = -p**r - p**2 - 3*p + 1 + 3*p**2 - 6. What is t(5)?
5
Let j(l) = -l + 1. Suppose -3*y - y = -36. Suppose -n = 2*a - y, 5*n = 2*a - 3*a. Let c = 2 - a. What is j(c)?
4
Let p(s) = -3*s + 21. Let y(q) = 1. Let x(t) = -t**2 - 3*t + 6. Let u be x(-6). Let m(l) = u*y(l) + p(l). Calculate m(6).
-9
Let s = -27 - -21. Let t(k) = -k**3 - 7*k**2 - 7*k - 1. Give t(s).
5
Let f(x) = 3*x**3 + x**2 + x - 11. Let l(s) = -4*s**3 + 12. Let k(a) = 5*f(a) + 4*l(a). What is k(6)?
-13
Let x(m) = m**2 - 3*m - 2. Let w = 1 + 1. Let u be x(w). Let g = u - -1. Let i(l) = l**2 + 2*l - 4. Calculate i(g).
-1
Let j be 24/(-7) - 36/(-84). Let k(t) = -t**3 - 4*t**2 - t - 4. Determine k(j).
-10
Let o(p) = 5*p**3 + 3*p**2 - 6. Let f(t) = 9*t**3 + 6*t**2 - t - 11. Let v(s) = 4*f(s) - 7*o(s). Suppose -2*h = -0 + 8. Give v(h).
-2
Suppose -2*n + 2 = -10. Let z = -1 + n. Let x(w) = -7*w**2 - z + w**2 + 6 - 2*w. Determine x(1).
-7
Let u(a) = -a**2 - 7*a - 5. Let x be u(-6). Suppose -3*t - x = -13. Let d(q) = -q**2 + 3 - q**3 - t + 3 + 3*q. Calculate d(-2).
0
Let h(s) = -s + 2. Suppose 0*o = 3*o + 45. Let p be ((-48)/(-30))/((-2)/o). Suppose 5*j = n - 18, -3*j = -2*j + 4*n + p. Determine h(j).
6
Let j(s) be the third derivative of -1/60*s**5 - 3*s**2 + 0 + 0*s - 1/3*s**3 + 1/4*s**4. Give j(5).
3
Let p(u) = -8*u + 4. Suppose -4*v + 0*v + 12 = 0. Calculate p(v).
-20
Let i(u) = -u + 1. Let g(y) = -13*y + 4. Let x(l) = -g(l) + 5*i(l). What is x(-1)?
-7
Let a(r) = 3*r + 6. Let p(b) be the first derivative of b**3/3 - 7*b**2/2 - 4*b - 3. Let t be p(7). Calculate a(t).
-6
Let j(z) = 3*z + 2. Let v = 8 - 11. Calculate j(v).
-7
Let q(p) = -3*p**3 - 2*p**2 + 2*p + 2. Let k(u) = u**2 - 5*u + 4. Let f be k(3). Calculate q(f).
14
Let j(g) = -98*g - 6 + 99*g - 3. Calculate j(10).
1
Suppose -q + 5*i - 2*i = 7, 0 = -4*i + 8. Let c be 1/(q - 15/(-12)). Let g(u) = c - 4 - u. Calculate g(-4).
4
Let i(l) = -l**2 - 3*l - 6. Let q = -11 - -1. Let y = 6 + q. Give i(y).
-10
Let p(a) = a**2 + 6*a - 5. Suppose -6*r - 5*s - 28 = -2*r, -5*r - 35 = 4*s. Calculate p(r).
2
Let d(g) = -18 + 32 - 3 + 3*g. What is d(-8)?
-13
Let v(s) be the first derivative of -s**4/4 - s**2/2 + 100. Let k = -4 + 2. Calculate v(k).
10
Suppose -2*g = -a + 3, -2*a + 7 = -2*g + 1. Suppose 0 = -a*c - 3*l - 3, 4*c = -l - 2*l - 3. Let n(j) = j**2 + j + 10. What is n(c)?
10
Let r be ((-4)/5)/((-3)/(-15)). Let t(f) be the first derivative of -6 + 5*f + 1/2*f**2. Calculate t(r).
1
Let s(v) = -v**2 - v - 5. Let n = -9 + 5. Let f = n - -4. Determine s(f).
-5
Suppose 0 = -3*v - 4*y, -2*v - 9 = -4*y + 11. Let o(z) = -z**3 - 5*z**2 - z + 1. Calculate o(v).
-11
Let d = 4 - -2. Let u(x) = -6 - 3 + 2 - 1 + x. Give u(d).
-2
Let f(o) = -2*o**2 + 1. Suppose 8 = s + 3. Let m be 9/(-4)*(s - 1). Let c = m - -10. What is f(c)?
-1
Let y(n) be the first derivative of 4*n**4 + n**3/3 - n + 64. Give y(-1).
-16
Let i(r) be the third derivative of -7*r**4/12 - 8*r**3/3 + 2*r**2. Let z(k) = 3*k + 3. Let b(y) = -2*i(y) - 11*z(y). Give b(1).
-6
Let f(l) = -5*l + 5. Let k(s) = -4*s + 4. Let r(a) = 5*f(a) - 6*k(a). Calculate r(-3).
4
Let t(w) be the second derivative of w**3/6 + 5*w**2/2 - 43*w. Determine t(-3).
2
Let m(n) = 4*n**2 - 2 - 3 + 4 - 4*n**3 - 2*n**2. Suppose -3*l = -8*l + 5. Let g be m(l). Let a(p) = -p**3 - 4*p**2 - 4*p + 1. Give a(g).
4
Let r(f) = -160*f + 76*f + 80*f - f**2 + 1. Calculate r(-3).
4
Let u(m) = 3507 + 9*m**2 - 3507 + 3*m**2. Suppose -3